 13*x - 13869. Determine f(-3).
-194
Let p(j) = -j + 25. Let v(z) = 2*z - 49. Let c be 4 - 52/8 - (-19)/2. Let q(g) = c*p(g) + 4*v(g). Determine q(19).
-2
Let n(a) = -a**3 + 51*a**2 - 30*a - 3340. Let g be n(49). Let z(o) = -o**3 - 11*o**2 - 5*o + 4. Determine z(g).
-148
Suppose -101 = 14*n + 151. Let c be (-51)/(-12) + n/72. Let l(t) = -t**3 + 4*t**2 - 4*t - 2. What is l(c)?
-18
Let g(u) = -4*u - 4. Let d(m) = m**2 + 2*m. Let q be d(-3). Suppose 2*w = q*t + 38 - 37, 7 = 4*w - t. Determine g(w).
-12
Let a = 1 - 6. Let f(v) be the second derivative of -v**3/6 - 3*v**2 - 19234*v. Calculate f(a).
-1
Let z = 10240 + -10240. Suppose -3*f = f - 12. Let v(u) = 0*u**3 + u + 2*u**3 - f*u**3 + 7. Calculate v(z).
7
Let h = -3 - 0. Let w = 245 + -190. Let y(b) = b + 24*b**3 + 3*b**2 + 4 + 32*b**3 - 3 - w*b**3. Determine y(h).
-2
Let i = 142 - 139. Let k(f) = -3*f + 5 - 2 - i. Calculate k(-7).
21
Let f(v) = v**3 + 6*v**2 - 6*v + 3. Let l = -396 + 182. Let i = l - -207. What is f(i)?
-4
Let x = 217 - 212. Let u(l) be the second derivative of -l**4/12 + l**3/2 + 6*l**2 - 135*l. Calculate u(x).
2
Suppose 2*z + 71 = -495. Let f = 289 + z. Let i(j) = -j - 1. Give i(f).
-7
Suppose 6*n - 11 - 9 = -20. Let k(f) = f**2 + 2*f + 7. Calculate k(n).
7
Let y be (-2 + 10/6)*-6. Suppose 3*b - 3*k - 18 = 6, b - 32 = 5*k. Let w(m) = -3*m**2 - 4*m + 0*m**y + 4*m**b - 67 + 68. Determine w(5).
6
Suppose 3*c - 4*t = 65, -17 = -2*c - 3*t - 2. Let m(u) = -14 - c - u - 14 + 46. Determine m(5).
-2
Suppose 5*o + 2*f + 72 = 0, 55*f + 16 = -2*o + 51*f. Let s(i) = i**3 + 16*i**2 - i + 2. Calculate s(o).
18
Let k(f) = 10*f + 9 + 2*f**2 + 272*f**3 + 276*f**3 + 285*f**3 - 832*f**3. Calculate k(0).
9
Suppose 0 = m + 2*o - 7, 3*m - 5*o + 8 - 18 = 0. Suppose -4*r + m - 1 = 0. Let s(h) = 14*h**2 - h + 1. Determine s(r).
14
Let t(b) be the second derivative of 1/12*b**4 - 1/6*b**3 + 34*b - 9/10*b**5 + 0 + 0*b**2. Determine t(1).
-18
Let h(d) = -d**3 - 17*d**2 - 32*d - 29. Let c = -1394 - -1379. Give h(c).
1
Let t(f) = 628*f - 6940. Let i be t(11). Let a(c) = 3*c + 93. What is a(i)?
-3
Let t(o) = 2*o**2 - 24*o + 21. Let h be t(11). Let x(b) = b**2 + 2*b + 1. Let n(w) = -w**2 - 3*w - 2. Let z(s) = h*n(s) - 2*x(s). What is z(0)?
0
Let j(w) be the second derivative of -2/15*w**5 - 1/120*w**6 - 7/24*w**4 - 5*w**2 + 0 - 5/3*w**3 + w. Let y(k) be the first derivative of j(k). Calculate y(-7).
-10
Suppose 3*o = -3*t + 12312, t - 4*t - 4*o = -12311. Let x(v) = -v**2 - t - 7*v + 2*v + 4113. Calculate x(-7).
-6
Let x(i) = -i**2 - 2*i - 4. Let s(v) = -13*v + 42. Let q be s(3). Suppose 2*m = 3*k, -2*k - q = -m - 2. What is x(m)?
-7
Suppose 3*r + 71 = y, -3*y + 39 = 2*r - 119. Suppose -25*g + 11*g + y = 0. Let j(m) = 4*m + 2. Determine j(g).
18
Let y(m) = 10*m - 40. Let n be (4 - 11)/((-24)/(-48)*(-4 + 2)). Give y(n).
30
Let o = 73391/16310 + 2/8155. Let v(r) be the first derivative of 31 + o*r**2 - 2*r. Determine v(-2).
-20
Let t(j) = 7*j + 15. Suppose 0 = -132*v + 128*v - 8. Let i(d) = -10*d - 14. Let l(f) = v*i(f) - 3*t(f). Let g be 3/((2/3)/(-2)). What is l(g)?
-8
Let a(k) be the second derivative of -k**4/12 + k**3/3 - k**2 + k. Suppose 27*b = -42*b + 345. Determine a(b).
-17
Let k(s) = 29*s + 6. Suppose 0 = -18*d + 21*d - 17*d. Determine k(d).
6
Let c(t) = -29 - 2*t**3 + 59*t**2 - 7*t**3 - 98*t**2 + 10*t**3 - 25*t + 60*t**2. Give c(-22).
37
Let d(f) = 21*f - 236. Let k(c) = 386*c - 1146. Let i be k(3). Calculate d(i).
16
Let c(b) = 0 - 12 + b**3 + 179*b**2 - 3*b - 176*b**2. What is c(-3)?
-3
Let a(q) = 69 - 22 - 22 + 4*q. Give a(-6).
1
Suppose -18 = -189*h + 180*h. Let s(z) = 69*z - 135. What is s(h)?
3
Let q be (18/(-8))/(6/10*10/32). Let s(v) = 12 + 0 - 11*v + 3*v**2 - 4*v**2. What is s(q)?
0
Let m(x) = -13*x - 954. Let f(i) = i + 163. Let a(j) = -2*f(j) - m(j). What is a(-58)?
-10
Let b(f) = f**2 + 5*f - 2. Let v = -62 + 51. Let a be v + 1 + -12 + 11. Let y = -15 - a. Calculate b(y).
-6
Let o(g) = g**3 - 5*g**2 + g + 2. Suppose 3*v - 21 = 4*k - 23, 0 = -4*k + 20. Suppose 14*m = v + 50. What is o(m)?
-10
Let g(v) be the third derivative of 0 + 15*v - 5/6*v**3 - v**2 - 1/24*v**4. Suppose 6 = 5*l - 14. Determine g(l).
-9
Suppose 0 = -3*w - 2*s - 3, 0*w + 5*w - 2*s = -21. Let l(c) = c**3 + 2*c**2 - 5*c - 6. Let z be l(w). Let g(b) = -b**2 + 1 + b + 1 - 1. Calculate g(z).
1
Let i be (1 - (6 + -3 - 4)) + 1. Let h(s) = -3*s - 2. Let m(t) = t**2 - 4*t - 11. Let n be m(6). Let c(j) = -j. Let a(k) = n*h(k) + 2*c(k). Give a(i).
-17
Let q(z) = -13*z + 99. Let h be q(8). Let t(x) be the first derivative of -x**3/3 - 3*x**2 + 5*x + 745. Give t(h).
10
Let z be ((-2)/(24/9))/((-15)/100) + -5. Let l(f) = f**2 + f - 80. Determine l(z).
-80
Suppose 6 = -4*c + 102. Let j be ((-36)/(-72))/((-2)/(-44)). Suppose 3*y + c = j*y. Let d(s) = -s**3 + 3*s. Give d(y).
-18
Let k(v) = -5*v**2 + 5*v + 2. Let w be 35/21*(-2)/(-2 + 24/18). Determine k(w).
-98
Let i(o) = -9*o**2 + 3*o + 3. Suppose -f - 4*q - 13 = 0, -109*f + q = -107*f - 1. What is i(f)?
-9
Let d(v) be the first derivative of 5*v**4/4 + v**3/3 - v + 852. Determine d(-1).
-5
Let y(x) = -33*x**2 + 18*x - 60. Let r(c) = -149*c**2 + 73*c - 238. Let q(v) = 2*r(v) - 9*y(v). Calculate q(-21).
-41
Let p(o) = -407*o**3 + 207*o**3 - 6 + 201*o**3 - 7*o**2 + 4*o. Suppose -32 = -4*l + 2*k, l + 2 = -0*k - 2*k. What is p(l)?
-18
Suppose 0 = -3*g + 4*f + 33 - 7, f = -5. Suppose -66 = 10*q - 186. Let v(s) = -q - s**g + 7*s + 3*s - 4*s + 4*s. Determine v(8).
4
Let b(o) be the first derivative of -o**4/4 + 2*o**3 + 3*o**2 - 3*o - 3192. Let m(v) = -8*v**3 - v**2 - 2*v - 2. Let x be m(-1). Give b(x).
-10
Suppose 34*d - 111 = 331. Let p(s) = s**3 - 11*s**2 - 28*s + 17. What is p(d)?
-9
Let p(a) = 5 - 2*a - 38*a**2 + 1 + 57*a**2 - 5 + 37*a**2. Calculate p(1).
55
Suppose 6608 = 60*v - 46*v. Let d = v - 479. Let k(c) = -3*c - 7. Calculate k(d).
14
Suppose -5 = -5*f, 3*f = -0*y + y + 12. Let o(b) = -944*b - 5. Let r(z) = -140*z - 1. Let t(q) = 4*o(q) - 27*r(q). Give t(y).
-29
Suppose 7*i - 2*i + 10 = 0. Let l be (-3)/(-2)*(4 + 8/(-3)). Let z(r) = -4 + l*r + 6 + 1 + 0. Determine z(i).
-1
Let k(f) = -f**2 + 24*f - 36. Suppose 28*j = 997 - 353. Calculate k(j).
-13
Let n(z) = -z**2 + 16*z - 36. Let a be n(13). Suppose 2*c + a*h = -12, 6 = 4*c - 5*c - 2*h. Let y(t) = -t**2 - 1324*t + 2651*t + 8 - 1333*t. What is y(c)?
8
Let m(x) be the second derivative of 7*x**3/3 - 107*x**2/2 - 9*x - 8. What is m(8)?
5
Let f(q) = -q - 1 - 1 - 2 + 5 + 4. Suppose -2*y + 7 - 1 = 0. Let x be (42/(-10))/y*-5. What is f(x)?
-2
Let h(u) = u**2 - 9*u + 7. Let g = 71 - 68. Suppose 2*q + 2*y - 38 = -2*y, -3*q + 12 = -g*y. Give h(q).
7
Let k(p) = 5*p + 6. Let t = -3841 - -3836. Calculate k(t).
-19
Let n = 113 - 66. Suppose -5 + 107 = 2*v - 3*w, -3*v + 156 = -5*w. Let m = n - v. Let h(d) = 2*d + 3. Calculate h(m).
13
Let y(n) be the second derivative of n**5/4 - 2*n**3/3 + n**2/2 - 3712*n. Determine y(-3).
-122
Let q(a) be the first derivative of -11*a**3/3 + 3985. What is q(2)?
-44
Let p(x) = -x**2 + 7*x + 3. Let u be 2/5 + 33*8/40. Suppose -u*g + 60 = 3*g. What is p(g)?
9
Let t(f) = -107 + 409 - 114 - 103 - 4*f**2 - 4*f - 97. Calculate t(-4).
-60
Let j(b) = -b**3 + 9*b**2 + 10*b + 5. Let z be j(10). Let s(i) = -z + i - 5 + 3. Suppose -5*o - 22 = -2*x, 4*x + 3*o - 10 = 8. Calculate s(x).
-1
Let w(o) be the first derivative of -2*o**3/3 - 9*o**2 - 8*o - 2146. Give w(-12).
-80
Suppose 12 = 4*a + 5*r - 9, -a - 3*r = 0. Let g(z) = 2024*z + 39. Let t(n) = 3114*n + 59. Let o(f) = -20*g(f) + 13*t(f). Determine o(a).
5
Let o = 3 + -5. Suppose 427*h + 33143 = 438*h. Let r(c) = -h + 12*c - 3*c + 3014. Determine r(o).
-17
Let j(h) be the second derivative of 11*h**3/6 - 117*h**2/2 - 502*h - 4. What is j(9)?
-18
Let l be 75/100 + (-10)/(-8). Suppose -22*d = l*d. Let w(z) = -z + 7. Give w(d).
7
Suppose c + 3*c = 0. Let r(h) be the first derivative of h**4/4 - h**3/3 - h**2/2 + 10*h - 7272. What is r(c)?
10
Let h(s) = 2*s**3 - 5*s**2 + 5*s + 4. Suppose 3*c = -4*w, -3*w - 2*c + 6*c = -25. Calculate h(w).
28
Let f be (395/(-10) - -6)*-6. Let y(z) = 201 - f + 15*z. What is y(1)?
15
Let v(p) be the first derivative of p + 1 - 2*p**2 - 4*p + 2*p. Suppose 5*j - 2366 + 2392 = -4*u, 0 = -j - 6. What is v(u)?
-5
Let k(q) = -6*q + 3 - 8*q**2